[INFO] fetching crate varint-simd 0.3.0...
[INFO] checking varint-simd-0.3.0 against master#9610dfe5a9a731ced1ea4923ecbd0c57fe367898 for beta-170-4
[INFO] extracting crate varint-simd 0.3.0 into /workspace/builds/worker-4-tc1/source
[INFO] validating manifest of crates.io crate varint-simd 0.3.0 on toolchain 9610dfe5a9a731ced1ea4923ecbd0c57fe367898
[INFO] running `Command { std: CARGO_HOME="/workspace/cargo-home" RUSTUP_HOME="/workspace/rustup-home" "/workspace/cargo-home/bin/cargo" "+9610dfe5a9a731ced1ea4923ecbd0c57fe367898" "metadata" "--manifest-path" "Cargo.toml" "--no-deps", kill_on_drop: false }`
[INFO] removed /workspace/builds/worker-4-tc1/source/.cargo/config
[INFO] started tweaking crates.io crate varint-simd 0.3.0
[INFO] finished tweaking crates.io crate varint-simd 0.3.0
[INFO] tweaked toml for crates.io crate varint-simd 0.3.0 written to /workspace/builds/worker-4-tc1/source/Cargo.toml
[INFO] running `Command { std: CARGO_HOME="/workspace/cargo-home" RUSTUP_HOME="/workspace/rustup-home" __CARGO_TEST_CHANNEL_OVERRIDE_DO_NOT_USE_THIS="nightly" "/workspace/cargo-home/bin/cargo" "+9610dfe5a9a731ced1ea4923ecbd0c57fe367898" "generate-lockfile" "--manifest-path" "Cargo.toml" "-Zno-index-update", kill_on_drop: false }`
[INFO] running `Command { std: CARGO_HOME="/workspace/cargo-home" RUSTUP_HOME="/workspace/rustup-home" "/workspace/cargo-home/bin/cargo" "+9610dfe5a9a731ced1ea4923ecbd0c57fe367898" "fetch" "--manifest-path" "Cargo.toml", kill_on_drop: false }`
[INFO] running `Command { std: "docker" "create" "-v" "/var/lib/crater-agent-workspace/builds/worker-4-tc1/target:/opt/rustwide/target:rw,Z" "-v" "/var/lib/crater-agent-workspace/builds/worker-4-tc1/source:/opt/rustwide/workdir:ro,Z" "-v" "/var/lib/crater-agent-workspace/cargo-home:/opt/rustwide/cargo-home:ro,Z" "-v" "/var/lib/crater-agent-workspace/rustup-home:/opt/rustwide/rustup-home:ro,Z" "-e" "SOURCE_DIR=/opt/rustwide/workdir" "-e" "CARGO_TARGET_DIR=/opt/rustwide/target" "-e" "CARGO_HOME=/opt/rustwide/cargo-home" "-e" "RUSTUP_HOME=/opt/rustwide/rustup-home" "-w" "/opt/rustwide/workdir" "-m" "1610612736" "--user" "0:0" "--network" "none" "ghcr.io/rust-lang/crates-build-env/linux@sha256:19e73879b68f455e41552ea35293514db52ea292d993f571636dbffedb77a1ee" "/opt/rustwide/cargo-home/bin/cargo" "+9610dfe5a9a731ced1ea4923ecbd0c57fe367898" "metadata" "--no-deps" "--format-version=1", kill_on_drop: false }`
[INFO] [stdout] ef97754d372ae9e58f113c42e0b2522ec3bbf807948e286096072711e6af964d
[INFO] running `Command { std: "docker" "start" "-a" "ef97754d372ae9e58f113c42e0b2522ec3bbf807948e286096072711e6af964d", kill_on_drop: false }`
[INFO] running `Command { std: "docker" "inspect" "ef97754d372ae9e58f113c42e0b2522ec3bbf807948e286096072711e6af964d", kill_on_drop: false }`
[INFO] running `Command { std: "docker" "rm" "-f" "ef97754d372ae9e58f113c42e0b2522ec3bbf807948e286096072711e6af964d", kill_on_drop: false }`
[INFO] [stdout] ef97754d372ae9e58f113c42e0b2522ec3bbf807948e286096072711e6af964d
[INFO] running `Command { std: "docker" "create" "-v" "/var/lib/crater-agent-workspace/builds/worker-4-tc1/target:/opt/rustwide/target:rw,Z" "-v" "/var/lib/crater-agent-workspace/builds/worker-4-tc1/source:/opt/rustwide/workdir:ro,Z" "-v" "/var/lib/crater-agent-workspace/cargo-home:/opt/rustwide/cargo-home:ro,Z" "-v" "/var/lib/crater-agent-workspace/rustup-home:/opt/rustwide/rustup-home:ro,Z" "-e" "SOURCE_DIR=/opt/rustwide/workdir" "-e" "CARGO_TARGET_DIR=/opt/rustwide/target" "-e" "CARGO_INCREMENTAL=0" "-e" "RUST_BACKTRACE=full" "-e" "RUSTFLAGS=--cap-lints=forbid" "-e" "RUSTDOCFLAGS=--cap-lints=forbid" "-e" "CARGO_HOME=/opt/rustwide/cargo-home" "-e" "RUSTUP_HOME=/opt/rustwide/rustup-home" "-w" "/opt/rustwide/workdir" "-m" "1610612736" "--user" "0:0" "--network" "none" "ghcr.io/rust-lang/crates-build-env/linux@sha256:19e73879b68f455e41552ea35293514db52ea292d993f571636dbffedb77a1ee" "/opt/rustwide/cargo-home/bin/cargo" "+9610dfe5a9a731ced1ea4923ecbd0c57fe367898" "check" "--frozen" "--all" "--all-targets" "--message-format=json", kill_on_drop: false }`
[INFO] [stdout] a2b498734a66c74c606b266577a7893b38a97baaacabee3b8262da5e17daec1b
[INFO] running `Command { std: "docker" "start" "-a" "a2b498734a66c74c606b266577a7893b38a97baaacabee3b8262da5e17daec1b", kill_on_drop: false }`
[INFO] [stderr]    Compiling ucd-trie v0.1.5
[INFO] [stderr]    Compiling serde v1.0.163
[INFO] [stderr]    Compiling memchr v2.5.0
[INFO] [stderr]    Compiling rayon-core v1.11.0
[INFO] [stderr]     Checking either v1.8.1
[INFO] [stderr]    Compiling thiserror v1.0.40
[INFO] [stderr]    Compiling memoffset v0.8.0
[INFO] [stderr]    Compiling crossbeam-epoch v0.9.14
[INFO] [stderr]    Compiling num-traits v0.2.15
[INFO] [stderr]     Checking plotters-backend v0.3.4
[INFO] [stderr]     Checking regex-syntax v0.7.2
[INFO] [stderr]     Checking half v1.8.2
[INFO] [stderr]     Checking num_cpus v1.15.0
[INFO] [stderr]     Checking crossbeam-channel v0.5.8
[INFO] [stderr]     Checking getrandom v0.2.9
[INFO] [stderr]    Compiling thiserror-impl v1.0.40
[INFO] [stderr]     Checking cast v0.3.0
[INFO] [stderr]     Checking same-file v1.0.6
[INFO] [stderr]     Checking itertools v0.10.5
[INFO] [stderr]     Checking rand_core v0.6.4
[INFO] [stderr]     Checking clap v2.34.0
[INFO] [stderr]     Checking walkdir v2.3.3
[INFO] [stderr]    Compiling serde_derive v1.0.163
[INFO] [stderr]     Checking plotters-svg v0.3.3
[INFO] [stderr]     Checking atty v0.2.14
[INFO] [stderr]     Checking oorandom v11.1.3
[INFO] [stderr]     Checking rand_chacha v0.3.1
[INFO] [stderr]     Checking integer-encoding v2.1.3
[INFO] [stderr]     Checking rand v0.8.5
[INFO] [stderr]     Checking csv-core v0.1.10
[INFO] [stderr]     Checking crossbeam-deque v0.8.3
[INFO] [stderr]     Checking regex v1.8.3
[INFO] [stderr]    Compiling pest v2.6.0
[INFO] [stderr]     Checking plotters v0.3.4
[INFO] [stderr]     Checking rayon v1.7.0
[INFO] [stderr]     Checking criterion-plot v0.4.5
[INFO] [stderr]    Compiling semver-parser v0.10.2
[INFO] [stderr]    Compiling semver v0.11.0
[INFO] [stderr]    Compiling rustc_version v0.3.3
[INFO] [stderr]     Checking serde_json v1.0.96
[INFO] [stderr]     Checking serde_cbor v0.11.2
[INFO] [stderr]     Checking csv v1.2.1
[INFO] [stderr]    Compiling varint-simd v0.3.0 (/opt/rustwide/workdir)
[INFO] [stdout] warning: unused import: `std::cmp::min`
[INFO] [stdout]  --> src/decode/mod.rs:5:5
[INFO] [stdout]   |
[INFO] [stdout] 5 | use std::cmp::min;
[INFO] [stdout]   |     ^^^^^^^^^^^^^
[INFO] [stdout]   |
[INFO] [stdout]   = note: `#[warn(unused_imports)]` on by default
[INFO] [stdout] 
[INFO] [stdout] 
[INFO] [stdout] warning: unused imports: `SignedVarIntTarget`, `VarIntTarget`
[INFO] [stdout]  --> src/decode/mod.rs:7:18
[INFO] [stdout]   |
[INFO] [stdout] 7 | use crate::num::{SignedVarIntTarget, VarIntTarget};
[INFO] [stdout]   |                  ^^^^^^^^^^^^^^^^^^  ^^^^^^^^^^^^
[INFO] [stdout] 
[INFO] [stdout] 
[INFO] [stdout] warning: unused import: `crate::VarIntDecodeError`
[INFO] [stdout]  --> src/decode/mod.rs:8:5
[INFO] [stdout]   |
[INFO] [stdout] 8 | use crate::VarIntDecodeError;
[INFO] [stdout]   |     ^^^^^^^^^^^^^^^^^^^^^^^^
[INFO] [stdout] 
[INFO] [stdout] 
[INFO] [stdout] warning: unused import: `std::arch::x86_64::*`
[INFO] [stdout]  --> src/num.rs:4:5
[INFO] [stdout]   |
[INFO] [stdout] 4 | use std::arch::x86_64::*;
[INFO] [stdout]   |     ^^^^^^^^^^^^^^^^^^^^
[INFO] [stdout] 
[INFO] [stdout] 
[INFO] [stdout] warning: function `dual_u8_stage2` is never used
[INFO] [stdout]    --> src/decode/mod.rs:262:11
[INFO] [stdout]     |
[INFO] [stdout] 262 | unsafe fn dual_u8_stage2(comb: __m128i) -> __m128i {
[INFO] [stdout]     |           ^^^^^^^^^^^^^^
[INFO] [stdout]     |
[INFO] [stdout]     = note: `#[warn(dead_code)]` on by default
[INFO] [stdout] 
[INFO] [stdout] 
[INFO] [stdout] warning: function `dual_u16_stage2` is never used
[INFO] [stdout]    --> src/decode/mod.rs:273:11
[INFO] [stdout]     |
[INFO] [stdout] 273 | unsafe fn dual_u16_stage2(comb: __m128i) -> __m128i {
[INFO] [stdout]     |           ^^^^^^^^^^^^^^^
[INFO] [stdout] 
[INFO] [stdout] 
[INFO] [stdout] warning: function `dual_u32_stage2` is never used
[INFO] [stdout]    --> src/decode/mod.rs:290:11
[INFO] [stdout]     |
[INFO] [stdout] 290 | unsafe fn dual_u32_stage2(comb: __m128i) -> __m128i {
[INFO] [stdout]     |           ^^^^^^^^^^^^^^^
[INFO] [stdout] 
[INFO] [stdout] 
[INFO] [stdout] warning: struct `Align128` is never constructed
[INFO] [stdout]  --> src/decode/lookup.rs:7:8
[INFO] [stdout]   |
[INFO] [stdout] 7 | struct Align128<T>(T);
[INFO] [stdout]   |        ^^^^^^^^
[INFO] [stdout] 
[INFO] [stdout] 
[INFO] [stdout] warning: static `LOOKUP_DOUBLE_VEC` is never used
[INFO] [stdout]  --> src/decode/lookup.rs:9:12
[INFO] [stdout]   |
[INFO] [stdout] 9 | pub static LOOKUP_DOUBLE_VEC: [__m128i; 90] = unsafe {
[INFO] [stdout]   |            ^^^^^^^^^^^^^^^^^
[INFO] [stdout] 
[INFO] [stdout] 
[INFO] [stdout] warning: static `LOOKUP_DOUBLE_STEP1` is never used
[INFO] [stdout]    --> src/decode/lookup.rs:104:12
[INFO] [stdout]     |
[INFO] [stdout] 104 | pub static LOOKUP_DOUBLE_STEP1: [(u8, u8, u8); 1024] = [
[INFO] [stdout]     |            ^^^^^^^^^^^^^^^^^^^
[INFO] [stdout] 
[INFO] [stdout] 
[INFO] [stdout] warning: static `LOOKUP_QUAD_VEC` is never used
[INFO] [stdout]     --> src/decode/lookup.rs:1131:12
[INFO] [stdout]      |
[INFO] [stdout] 1131 | pub static LOOKUP_QUAD_VEC: [__m128i; 81] = unsafe {
[INFO] [stdout]      |            ^^^^^^^^^^^^^^^
[INFO] [stdout] 
[INFO] [stdout] 
[INFO] [stdout] warning: static `LOOKUP_QUAD_STEP1` is never used
[INFO] [stdout]     --> src/decode/lookup.rs:1217:12
[INFO] [stdout]      |
[INFO] [stdout] 1217 | pub static LOOKUP_QUAD_STEP1: [u32; 4096] = [
[INFO] [stdout]      |            ^^^^^^^^^^^^^^^^^
[INFO] [stdout] 
[INFO] [stdout] 
[INFO] [stdout] warning: 12 warnings emitted
[INFO] [stdout] 
[INFO] [stdout] 
[INFO] [stderr]     Checking tinytemplate v1.2.1
[INFO] [stderr]     Checking criterion v0.3.6
[INFO] [stdout] error[E0432]: unresolved imports `crate::decode_eight_u8_unsafe`, `crate::decode_four_unsafe`, `crate::decode_two_unsafe`
[INFO] [stdout]   --> src/lib.rs:58:17
[INFO] [stdout]    |
[INFO] [stdout] 58 |         decode, decode_eight_u8_unsafe, decode_four_unsafe, decode_two_unsafe, encode,
[INFO] [stdout]    |                 ^^^^^^^^^^^^^^^^^^^^^^  ^^^^^^^^^^^^^^^^^^  ^^^^^^^^^^^^^^^^^ no `decode_two_unsafe` in the root
[INFO] [stdout]    |                 |                       |
[INFO] [stdout]    |                 |                       no `decode_four_unsafe` in the root
[INFO] [stdout]    |                 no `decode_eight_u8_unsafe` in the root
[INFO] [stdout] 
[INFO] [stdout] 
[INFO] [stdout] error[E0432]: unresolved imports `varint_simd::decode_eight_u8_unsafe`, `varint_simd::decode_four_unsafe`, `varint_simd::decode_two_unsafe`, `varint_simd::decode_two_wide_unsafe`, `varint_simd::decode_unsafe`
[INFO] [stdout]  --> benches/varint_bench/main.rs:6:13
[INFO] [stdout]   |
[INFO] [stdout] 6 |     decode, decode_eight_u8_unsafe, decode_four_unsafe, decode_two_unsafe, decode_two_wide_unsafe,
[INFO] [stdout]   |             ^^^^^^^^^^^^^^^^^^^^^^  ^^^^^^^^^^^^^^^^^^  ^^^^^^^^^^^^^^^^^  ^^^^^^^^^^^^^^^^^^^^^^ no `decode_two_wide_unsafe` in the root
[INFO] [stdout]   |             |                       |                   |
[INFO] [stdout]   |             |                       |                   no `decode_two_unsafe` in the root
[INFO] [stdout]   |             |                       no `decode_four_unsafe` in the root
[INFO] [stdout]   |             no `decode_eight_u8_unsafe` in the root
[INFO] [stdout] 7 |     decode_unsafe, encode,
[INFO] [stdout]   |     ^^^^^^^^^^^^^
[INFO] [stdout]   |     |
[INFO] [stdout]   |     no `decode_unsafe` in the root
[INFO] [stdout]   |     help: a similar name exists in the module: `encode_unsafe`
[INFO] [stdout] 
[INFO] [stdout] 
[INFO] [stdout] error[E0423]: expected function, found module `decode`
[INFO] [stdout]    --> benches/varint_bench/main.rs:161:23
[INFO] [stdout]     |
[INFO] [stdout] 161 |             |encoded| decode::<u8>(encoded).unwrap(),
[INFO] [stdout]     |                       ^^^^^^^^^^^^
[INFO] [stdout]     |
[INFO] [stdout]    ::: /opt/rustwide/workdir/src/encode/mod.rs:23:1
[INFO] [stdout]     |
[INFO] [stdout] 23  | pub fn encode<T: VarIntTarget>(num: T) -> ([u8; 16], u8) {
[INFO] [stdout]     | -------------------------------------------------------- similarly named function `encode` defined here
[INFO] [stdout]     |
[INFO] [stdout] help: a function with a similar name exists
[INFO] [stdout]     |
[INFO] [stdout] 161 |             |encoded| encode::<u8>(encoded).unwrap(),
[INFO] [stdout]     |                       ~~~~~~
[INFO] [stdout] help: consider importing this function instead
[INFO] [stdout]     |
[INFO] [stdout] 1   + use core::num::flt2dec::decode;
[INFO] [stdout]     |
[INFO] [stdout] 
[INFO] [stdout] 
[INFO] [stdout] error[E0423]: expected function, found module `decode`
[INFO] [stdout]    --> benches/varint_bench/main.rs:273:23
[INFO] [stdout]     |
[INFO] [stdout] 273 |             |encoded| decode::<u16>(encoded).unwrap(),
[INFO] [stdout]     |                       ^^^^^^^^^^^^^
[INFO] [stdout]     |
[INFO] [stdout]    ::: /opt/rustwide/workdir/src/encode/mod.rs:23:1
[INFO] [stdout]     |
[INFO] [stdout] 23  | pub fn encode<T: VarIntTarget>(num: T) -> ([u8; 16], u8) {
[INFO] [stdout]     | -------------------------------------------------------- similarly named function `encode` defined here
[INFO] [stdout]     |
[INFO] [stdout] help: a function with a similar name exists
[INFO] [stdout]     |
[INFO] [stdout] 273 |             |encoded| encode::<u16>(encoded).unwrap(),
[INFO] [stdout]     |                       ~~~~~~
[INFO] [stdout] help: consider importing this function instead
[INFO] [stdout]     |
[INFO] [stdout] 1   + use core::num::flt2dec::decode;
[INFO] [stdout]     |
[INFO] [stdout] 
[INFO] [stdout] 
[INFO] [stdout] error[E0423]: expected function, found module `decode`
[INFO] [stdout]    --> benches/varint_bench/main.rs:381:23
[INFO] [stdout]     |
[INFO] [stdout] 381 |             |encoded| decode::<u32>(encoded).unwrap(),
[INFO] [stdout]     |                       ^^^^^^^^^^^^^
[INFO] [stdout]     |
[INFO] [stdout]    ::: /opt/rustwide/workdir/src/encode/mod.rs:23:1
[INFO] [stdout]     |
[INFO] [stdout] 23  | pub fn encode<T: VarIntTarget>(num: T) -> ([u8; 16], u8) {
[INFO] [stdout]     | -------------------------------------------------------- similarly named function `encode` defined here
[INFO] [stdout]     |
[INFO] [stdout] help: a function with a similar name exists
[INFO] [stdout]     |
[INFO] [stdout] 381 |             |encoded| encode::<u32>(encoded).unwrap(),
[INFO] [stdout]     |                       ~~~~~~
[INFO] [stdout] help: consider importing this function instead
[INFO] [stdout]     |
[INFO] [stdout] 1   + use core::num::flt2dec::decode;
[INFO] [stdout]     |
[INFO] [stdout] 
[INFO] [stdout] 
[INFO] [stdout] error[E0423]: expected function, found module `decode`
[INFO] [stdout]    --> benches/varint_bench/main.rs:479:23
[INFO] [stdout]     |
[INFO] [stdout] 479 |             |encoded| decode::<u64>(encoded).unwrap(),
[INFO] [stdout]     |                       ^^^^^^^^^^^^^
[INFO] [stdout]     |
[INFO] [stdout]    ::: /opt/rustwide/workdir/src/encode/mod.rs:23:1
[INFO] [stdout]     |
[INFO] [stdout] 23  | pub fn encode<T: VarIntTarget>(num: T) -> ([u8; 16], u8) {
[INFO] [stdout]     | -------------------------------------------------------- similarly named function `encode` defined here
[INFO] [stdout]     |
[INFO] [stdout] help: a function with a similar name exists
[INFO] [stdout]     |
[INFO] [stdout] 479 |             |encoded| encode::<u64>(encoded).unwrap(),
[INFO] [stdout]     |                       ~~~~~~
[INFO] [stdout] help: consider importing this function instead
[INFO] [stdout]     |
[INFO] [stdout] 1   + use core::num::flt2dec::decode;
[INFO] [stdout]     |
[INFO] [stdout] 
[INFO] [stdout] 
[INFO] [stdout] error[E0423]: expected function, found module `decode`
[INFO] [stdout]   --> src/lib.rs:77:34
[INFO] [stdout]    |
[INFO] [stdout] 77 |         let roundtrip: (T, u8) = decode(&expected).unwrap();
[INFO] [stdout]    |                                  ^^^^^^
[INFO] [stdout]    |
[INFO] [stdout]   ::: src/encode/mod.rs:23:1
[INFO] [stdout]    |
[INFO] [stdout] 23 | pub fn encode<T: VarIntTarget>(num: T) -> ([u8; 16], u8) {
[INFO] [stdout]    | -------------------------------------------------------- similarly named function `encode` defined here
[INFO] [stdout]    |
[INFO] [stdout] help: a function with a similar name exists
[INFO] [stdout]    |
[INFO] [stdout] 77 |         let roundtrip: (T, u8) = encode(&expected).unwrap();
[INFO] [stdout]    |                                  ~~~~~~
[INFO] [stdout] help: consider importing this function instead
[INFO] [stdout]    |
[INFO] [stdout] 57 +     use core::num::flt2dec::decode;
[INFO] [stdout]    |
[INFO] [stdout] 
[INFO] [stdout] 
[INFO] [stdout] error[E0423]: expected function, found module `decode`
[INFO] [stdout]    --> src/lib.rs:185:9
[INFO] [stdout]     |
[INFO] [stdout] 185 |         decode::<u8>(&encoded.0).expect_err("should overflow");
[INFO] [stdout]     |         ^^^^^^^^^^^^
[INFO] [stdout]     |
[INFO] [stdout]    ::: src/encode/mod.rs:23:1
[INFO] [stdout]     |
[INFO] [stdout] 23  | pub fn encode<T: VarIntTarget>(num: T) -> ([u8; 16], u8) {
[INFO] [stdout]     | -------------------------------------------------------- similarly named function `encode` defined here
[INFO] [stdout]     |
[INFO] [stdout] help: a function with a similar name exists
[INFO] [stdout]     |
[INFO] [stdout] 185 |         encode::<u8>(&encoded.0).expect_err("should overflow");
[INFO] [stdout]     |         ~~~~~~
[INFO] [stdout] help: consider importing this function instead
[INFO] [stdout]     |
[INFO] [stdout] 57  +     use core::num::flt2dec::decode;
[INFO] [stdout]     |
[INFO] [stdout] 
[INFO] [stdout] 
[INFO] [stdout] error[E0423]: expected function, found module `decode`
[INFO] [stdout]    --> src/lib.rs:191:9
[INFO] [stdout]     |
[INFO] [stdout] 191 |         decode::<u16>(&encoded.0).expect_err("should overflow");
[INFO] [stdout]     |         ^^^^^^^^^^^^^
[INFO] [stdout]     |
[INFO] [stdout]    ::: src/encode/mod.rs:23:1
[INFO] [stdout]     |
[INFO] [stdout] 23  | pub fn encode<T: VarIntTarget>(num: T) -> ([u8; 16], u8) {
[INFO] [stdout]     | -------------------------------------------------------- similarly named function `encode` defined here
[INFO] [stdout]     |
[INFO] [stdout] help: a function with a similar name exists
[INFO] [stdout]     |
[INFO] [stdout] 191 |         encode::<u16>(&encoded.0).expect_err("should overflow");
[INFO] [stdout]     |         ~~~~~~
[INFO] [stdout] help: consider importing this function instead
[INFO] [stdout]     |
[INFO] [stdout] 57  +     use core::num::flt2dec::decode;
[INFO] [stdout]     |
[INFO] [stdout] 
[INFO] [stdout] 
[INFO] [stdout] error[E0423]: expected function, found module `decode`
[INFO] [stdout]    --> src/lib.rs:197:9
[INFO] [stdout]     |
[INFO] [stdout] 197 |         decode::<u32>(&encoded.0).expect_err("should overflow");
[INFO] [stdout]     |         ^^^^^^^^^^^^^
[INFO] [stdout]     |
[INFO] [stdout]    ::: src/encode/mod.rs:23:1
[INFO] [stdout]     |
[INFO] [stdout] 23  | pub fn encode<T: VarIntTarget>(num: T) -> ([u8; 16], u8) {
[INFO] [stdout]     | -------------------------------------------------------- similarly named function `encode` defined here
[INFO] [stdout]     |
[INFO] [stdout] help: a function with a similar name exists
[INFO] [stdout]     |
[INFO] [stdout] 197 |         encode::<u32>(&encoded.0).expect_err("should overflow");
[INFO] [stdout]     |         ~~~~~~
[INFO] [stdout] help: consider importing this function instead
[INFO] [stdout]     |
[INFO] [stdout] 57  +     use core::num::flt2dec::decode;
[INFO] [stdout]     |
[INFO] [stdout] 
[INFO] [stdout] 
[INFO] [stdout] error[E0423]: expected function, found module `decode`
[INFO] [stdout]    --> src/lib.rs:202:9
[INFO] [stdout]     |
[INFO] [stdout] 202 |         decode::<u8>(&[0xFF, 0xFF, 0xFF, 0xFF, 0xFF, 0xFF, 0xFF, 0xFF, 0xFF, 0x02])
[INFO] [stdout]     |         ^^^^^^^^^^^^
[INFO] [stdout]     |
[INFO] [stdout]    ::: src/encode/mod.rs:23:1
[INFO] [stdout]     |
[INFO] [stdout] 23  | pub fn encode<T: VarIntTarget>(num: T) -> ([u8; 16], u8) {
[INFO] [stdout]     | -------------------------------------------------------- similarly named function `encode` defined here
[INFO] [stdout]     |
[INFO] [stdout] help: a function with a similar name exists
[INFO] [stdout]     |
[INFO] [stdout] 202 |         encode::<u8>(&[0xFF, 0xFF, 0xFF, 0xFF, 0xFF, 0xFF, 0xFF, 0xFF, 0xFF, 0x02])
[INFO] [stdout]     |         ~~~~~~
[INFO] [stdout] help: consider importing this function instead
[INFO] [stdout]     |
[INFO] [stdout] 57  +     use core::num::flt2dec::decode;
[INFO] [stdout]     |
[INFO] [stdout] 
[INFO] [stdout] 
[INFO] [stdout] warning: unused import: `std::cmp::min`
[INFO] [stdout]  --> src/decode/mod.rs:5:5
[INFO] [stdout]   |
[INFO] [stdout] 5 | use std::cmp::min;
[INFO] [stdout]   |     ^^^^^^^^^^^^^
[INFO] [stdout]   |
[INFO] [stdout]   = note: `#[warn(unused_imports)]` on by default
[INFO] [stdout] 
[INFO] [stdout] 
[INFO] [stdout] warning: unused imports: `SignedVarIntTarget`, `VarIntTarget`
[INFO] [stdout]  --> src/decode/mod.rs:7:18
[INFO] [stdout]   |
[INFO] [stdout] 7 | use crate::num::{SignedVarIntTarget, VarIntTarget};
[INFO] [stdout]   |                  ^^^^^^^^^^^^^^^^^^  ^^^^^^^^^^^^
[INFO] [stdout] 
[INFO] [stdout] 
[INFO] [stdout] warning: unused import: `crate::VarIntDecodeError`
[INFO] [stdout]  --> src/decode/mod.rs:8:5
[INFO] [stdout]   |
[INFO] [stdout] 8 | use crate::VarIntDecodeError;
[INFO] [stdout]   |     ^^^^^^^^^^^^^^^^^^^^^^^^
[INFO] [stdout] 
[INFO] [stdout] 
[INFO] [stdout] warning: unused import: `std::arch::x86_64::*`
[INFO] [stdout]  --> src/num.rs:4:5
[INFO] [stdout]   |
[INFO] [stdout] 4 | use std::arch::x86_64::*;
[INFO] [stdout]   |     ^^^^^^^^^^^^^^^^^^^^
[INFO] [stdout] 
[INFO] [stdout] 
[INFO] [stdout] error: aborting due to 5 previous errors
[INFO] [stdout] 
[INFO] [stdout] 
[INFO] [stdout] Some errors have detailed explanations: E0423, E0432.
[INFO] [stdout] 
[INFO] [stdout] For more information about an error, try `rustc --explain E0423`.
[INFO] [stdout] 
[INFO] [stderr] error: could not compile `varint-simd` (bench "varint_bench") due to 6 previous errors
[INFO] [stderr] warning: build failed, waiting for other jobs to finish...
[INFO] [stdout] error: aborting due to 6 previous errors; 4 warnings emitted
[INFO] [stdout] 
[INFO] [stdout] 
[INFO] [stdout] Some errors have detailed explanations: E0423, E0432.
[INFO] [stdout] 
[INFO] [stdout] For more information about an error, try `rustc --explain E0423`.
[INFO] [stdout] 
[INFO] [stderr] error: could not compile `varint-simd` (lib test) due to 7 previous errors; 4 warnings emitted
[INFO] running `Command { std: "docker" "inspect" "a2b498734a66c74c606b266577a7893b38a97baaacabee3b8262da5e17daec1b", kill_on_drop: false }`
[INFO] running `Command { std: "docker" "rm" "-f" "a2b498734a66c74c606b266577a7893b38a97baaacabee3b8262da5e17daec1b", kill_on_drop: false }`
[INFO] [stdout] a2b498734a66c74c606b266577a7893b38a97baaacabee3b8262da5e17daec1b
